{"id":200,"date":"2025-03-04T15:25:11","date_gmt":"2025-03-04T15:25:11","guid":{"rendered":"https:\/\/www.inspiracja-aktywacja.org.pl\/?page_id=200"},"modified":"2025-03-04T15:25:56","modified_gmt":"2025-03-04T15:25:56","slug":"zainspiruj-sie-zawodem-organizacja-warsztatow-i-wycieczek-zawodoznawczych-dla-uczniow-poznanskich-szkol-podstawowych","status":"publish","type":"page","link":"https:\/\/www.inspiracja-aktywacja.org.pl\/index.php\/zainspiruj-sie-zawodem-organizacja-warsztatow-i-wycieczek-zawodoznawczych-dla-uczniow-poznanskich-szkol-podstawowych\/","title":{"rendered":"\u201eZainspiruj si\u0119 zawodem! &#8211; organizacja warsztat\u00f3w i wycieczek zawodoznawczych dla uczni\u00f3w pozna\u0144skich szk\u00f3\u0142 podstawowych\u201d"},"content":{"rendered":"<p><img loading=\"lazy\" decoding=\"async\" src=\"https:\/\/www.inspiracja-aktywacja.org.pl\/wp-content\/uploads\/2025\/03\/POZnan-logo-300x128.jpg\" alt=\"\" width=\"300\" height=\"128\" class=\"alignnone size-medium wp-image-202\" srcset=\"https:\/\/www.inspiracja-aktywacja.org.pl\/wp-content\/uploads\/2025\/03\/POZnan-logo-300x128.jpg 300w, https:\/\/www.inspiracja-aktywacja.org.pl\/wp-content\/uploads\/2025\/03\/POZnan-logo.jpg 404w\" sizes=\"auto, (max-width: 300px) 100vw, 300px\" \/><br \/>\nCelem projektu \u201eZainspiruj si\u0119 zawodem! &#8211; organizacja warsztat\u00f3w i wycieczek zawodoznawczych dla uczni\u00f3w pozna\u0144skich szk\u00f3\u0142 podstawowych\u201d jest wsparcie 200 uczni\u00f3w i uczennic pozna\u0144skich szk\u00f3\u0142 podstawowych z klas 6-8 w wyborze kierunku dalszego kszta\u0142cenia, zawodu i planowaniu \u015bcie\u017cki kariery, w szczeg\u00f3lno\u015bci w zakresie zawod\u00f3w i szk\u00f3\u0142 funkcjonuj\u0105cych na terenie miasta Poznania. <\/p>\n<p>Projekt b\u0119dzie realizowany w terminie 1.03.2025 &#8211; 30.11.2025 r.<\/p>\n<p>Cele projektu zostan\u0105 osi\u0105gni\u0119te poprzez przeprowadzenie 10 zaj\u0119\u0107 zawodoznawczych w siedzibach szk\u00f3\u0142 oraz 10 wycieczek zawodoznawczych do firm dzia\u0142aj\u0105cych na terenie aglomeracji pozna\u0144skiej.<br \/>\nTematyka zaj\u0119\u0107 zawodoznawczych b\u0119dzie dotyczy\u0107 specyfiki wybranych zawod\u00f3w, kszta\u0142towania pozytywnych postaw wobec zawod\u00f3w nauczanych w technikach i bran\u017cowych szko\u0142ach I stopnia, rozpoznawania i rozwijania zainteresowa\u0144 i uzdolnie\u0144 uczennic i uczni\u00f3w. Wycieczki zawodoznawcze b\u0119d\u0105 mia\u0142y na celu: zapoznanie uczennic i uczni\u00f3w z potrzebnymi w zawodzie umiej\u0119tno\u015bciami, przeciwwskazaniami zdrowotnymi oraz przedstawienie rzeczywistych warunk\u00f3w pracy, zada\u0144 wykonywanych na danym stanowisku pracy oraz specyfiki bran\u017cy. <\/p>\n<p>Ca\u0142kowita warto\u015b\u0107 zadania publicznego sfinansowana z bud\u017cetu Miasta Poznania \u2013 30 000,00 z\u0142.<br \/>\n#poznanwspiera  \u201eSfinansowano ze \u015brodk\u00f3w bud\u017cetowych Miasta Poznania\u201d <\/p>\n","protected":false},"excerpt":{"rendered":"<p>Celem projektu \u201eZainspiruj si\u0119 zawodem! &#8211; organizacja warsztat\u00f3w i wycieczek zawodoznawczych dla uczni\u00f3w pozna\u0144skich szk\u00f3\u0142 podstawowych\u201d jest wsparcie 200 uczni\u00f3w i uczennic pozna\u0144skich szk\u00f3\u0142 podstawowych z klas 6-8 w wyborze kierunku dalszego kszta\u0142cenia, zawodu i planowaniu \u015bcie\u017cki kariery, w szczeg\u00f3lno\u015bci w zakresie zawod\u00f3w i szk\u00f3\u0142 funkcjonuj\u0105cych na terenie miasta Poznania. Projekt b\u0119dzie realizowany w terminie 1.03.2025 &#8211; 30.11.2025 r. Cele projektu zostan\u0105 osi\u0105gni\u0119te poprzez przeprowadzenie 10 zaj\u0119\u0107 zawodoznawczych w siedzibach szk\u00f3\u0142 oraz 10 wycieczek zawodoznawczych do firm dzia\u0142aj\u0105cych na terenie aglomeracji pozna\u0144skiej. Tematyka zaj\u0119\u0107 zawodoznawczych b\u0119dzie dotyczy\u0107 specyfiki wybranych zawod\u00f3w, kszta\u0142towania pozytywnych postaw wobec zawod\u00f3w nauczanych w technikach i bran\u017cowych szko\u0142ach I stopnia, rozpoznawania i rozwijania zainteresowa\u0144 i uzdolnie\u0144 uczennic i uczni\u00f3w. Wycieczki zawodoznawcze b\u0119d\u0105 mia\u0142y na celu: zapoznanie uczennic i uczni\u00f3w z potrzebnymi w zawodzie umiej\u0119tno\u015bciami, przeciwwskazaniami zdrowotnymi oraz przedstawienie rzeczywistych warunk\u00f3w pracy, zada\u0144 wykonywanych na danym stanowisku pracy oraz specyfiki bran\u017cy. Ca\u0142kowita warto\u015b\u0107 zadania publicznego sfinansowana z bud\u017cetu Miasta Poznania \u2013 30 000,00 z\u0142. #poznanwspiera \u201eSfinansowano ze \u015brodk\u00f3w bud\u017cetowych Miasta Poznania\u201d<\/p>\n","protected":false},"author":1,"featured_media":0,"parent":0,"menu_order":0,"comment_status":"closed","ping_status":"closed","template":"","meta":{"footnotes":""},"class_list":["post-200","page","type-page","status-publish","hentry"],"_links":{"self":[{"href":"https:\/\/www.inspiracja-aktywacja.org.pl\/index.php\/wp-json\/wp\/v2\/pages\/200","targetHints":{"allow":["GET"]}}],"collection":[{"href":"https:\/\/www.inspiracja-aktywacja.org.pl\/index.php\/wp-json\/wp\/v2\/pages"}],"about":[{"href":"https:\/\/www.inspiracja-aktywacja.org.pl\/index.php\/wp-json\/wp\/v2\/types\/page"}],"author":[{"embeddable":true,"href":"https:\/\/www.inspiracja-aktywacja.org.pl\/index.php\/wp-json\/wp\/v2\/users\/1"}],"replies":[{"embeddable":true,"href":"https:\/\/www.inspiracja-aktywacja.org.pl\/index.php\/wp-json\/wp\/v2\/comments?post=200"}],"version-history":[{"count":2,"href":"https:\/\/www.inspiracja-aktywacja.org.pl\/index.php\/wp-json\/wp\/v2\/pages\/200\/revisions"}],"predecessor-version":[{"id":203,"href":"https:\/\/www.inspiracja-aktywacja.org.pl\/index.php\/wp-json\/wp\/v2\/pages\/200\/revisions\/203"}],"wp:attachment":[{"href":"https:\/\/www.inspiracja-aktywacja.org.pl\/index.php\/wp-json\/wp\/v2\/media?parent=200"}],"curies":[{"name":"wp","href":"https:\/\/api.w.org\/{rel}","templated":true}]}}